igit of 395801?
1
What is the ten millions digit of 10731147?
1
What is the hundreds digit of 925073?
0
What is the hundreds digit of 466514?
5
What is the hundreds digit of 159147?
1
What is the units digit of 7701383?
3
What is the hundred thousands digit of 21699868?
6
What is the hundred thousands digit of 7412581?
4
What is the millions digit of 7356706?
7
What is the units digit of 2654250?
0
What is the units digit of 59539?
9
What is the ten thousands digit of 31450485?
5
What is the hundreds digit of 1971719?
7
What is the units digit of 689331?
1
What is the thousands digit of 579550?
9
What is the ten thousands digit of 328485?
2
What is the tens digit of 12514255?
5
What is the tens digit of 319513?
1
What is the ten thousands digit of 207767?
0
What is the ten millions digit of 11522334?
1
What is the hundreds digit of 392938?
9
What is the tens digit of 9111714?
1
What is the millions digit of 1918682?
1
What is the ten thousands digit of 553828?
5
What is the ten thousands digit of 122515?
2
What is the tens digit of 4669198?
9
What is the units digit of 1268640?
0
What is the millions digit of 1776895?
1
What is the tens digit of 13076?
7
What is the hundreds digit of 1851739?
7
What is the thousands digit of 26929284?
9
What is the ten thousands digit of 15210?
1
What is the units digit of 300279?
9
What is the ten thousands digit of 5711518?
1
What is the hundreds digit of 13644801?
8
What is the hundred thousands digit of 3188109?
1
What is the thousands digit of 261667?
1
What is the tens digit of 1033079?
7
What is the thousands digit of 302525?
2
What is the hundreds digit of 19491336?
3
What is the units digit of 11154541?
1
What is the hundred thousands digit of 11831792?
8
What is the hundred thousands digit of 299746?
2
What is the ten millions digit of 11870905?
1
What is the ten thousands digit of 245334?
4
What is the units digit of 227570?
0
What is the hundreds digit of 156738?
7
What is the units digit of 806114?
4
What is the ten thousands digit of 128542?
2
What is the tens digit of 137325?
2
What is the units digit of 454536?
6
What is the thousands digit of 2337643?
7
What is the hundreds digit of 178351?
3
What is the millions digit of 7558552?
7
What is the ten millions digit of 20173695?
2
What is the ten thousands digit of 4855696?
5
What is the tens digit of 30170055?
5
What is the tens digit of 1328005?
0
What is the hundred thousands digit of 1282406?
2
What is the tens digit of 2133830?
3
What is the thousands digit of 687686?
7
What is the hundreds digit of 230909?
9
What is the ten thousands digit of 13625220?
2
What is the thousands digit of 155076?
5
What is the hundreds digit of 493080?
0
What is the thousands digit of 192237?
2
What is the millions digit of 3003419?
3
What is the tens digit of 418716?
1
What is the tens digit of 12909321?
2
What is the thousands digit of 194398?
4
What is the hundred thousands digit of 323431?
3
What is the ten thousands digit of 166864?
6
What is the hundreds digit of 1348047?
0
What is the ten thousands digit of 1964960?
6
What is the hundreds digit of 2474049?
0
What is the hundred thousands digit of 9979918?
9
What is the ten thousands digit of 389798?
8
What is the tens digit of 1425133?
3
What is the ten millions digit of 10327641?
1
What is the units digit of 499061?
1
What is the ten thousands digit of 3946233?
4
What is the thousands digit of 326968?
6
What is the ten thousands digit of 18876536?
7
What is the tens digit of 192192?
9
What is the hundreds digit of 128306?
3
What is the units digit of 15979294?
4
What is the units digit of 344175?
5
What is the hundreds digit of 573164?
1
What is the hundred thousands digit of 1290249?
2
What is the thousands digit of 10753703?
3
What is the units digit of 7174594?
4
What is the hundreds digit of 1084047?
0
What is the hundreds digit of 91943?
9
What is the thousands digit of 44303?
4
What is the hundred thousands digit of 629310?
6
What is the ten thousands digit of 737298?
3
What is the hundreds digit of 236520?
5
What is the hundred thousands digit of 120236?
1
What is the hundred thousands digit of 3953976?
9
What is the tens digit of 16582227?
2
What is the millions digit of 5450375?
5
What is the units digit of 3847294?
4
What is the millions digit of 1845426?
1
What is the hundred thousands digit of 436258?
4
What is the ten thousands digit of 1212017?
1
What is the hundreds digit of 337417?
4
What is the tens digit of 554059?
5
What is the hundred thousands digit of 103434?
1
What is the hundreds digit of 634462?
4
What is the hundred thousands digit of 161065?
1
What is the hundreds digit of 135921?
9
What is the thousands digit of 4078162?
8
What is the hundreds digit of 22652279?
2
What is the millions digit of 8574057?
8
What is the units digit of 161374?
4
What is the hundreds digit of 5257083?
0
What is the ten thousands digit of 319469?
1
What is the thousands digit of 8525621?
5
What is the hundreds digit of 413932?
9
What is the units digit of 1714224?
4
What is the hundreds digit of 12354147?
1
What is the units digit of 17869696?
6
What is the hundreds digit of 169032?
0
What is the hundreds digit of 8712973?
9
What is the tens digit of 8489336?
3
What is the ten thousands digit of 186759?
8
What is the units digit of 14613563?
3
What is the tens digit of 1681429?
2
What is the tens digit of 86605?
0
What is the tens digit of 9876053?
5
What is the tens digit of 3579220?
2
What is the hundreds digit of 239954?
9
What is the ten thousands digit of 2227812?
2
What is the hundred thousands digit of 916855?
9
What is the hundred thousands digit of 324392?
3
What is the millions digit of 9035274?
9
What is the ten millions digit of 10987827?
1
What is the ten thousands digit of 22069746?
6
What is the hundred thousands digit of 168325?
1
What is the hundred thousands digit of 5596430?
5
What is the ten thousands digit of 13783122?
8
What is the thousands digit of 154614?
4
What is the hundred thousands digit of 282929?
2
What is the tens digit of 2323100?
0
What is the ten thousands digit of 1072229?
7
What is the hundred thousands digit of 234924?
2
What is the thousands digit of 114552?
4
What is the units digit of 11191098?
8
What is the units digit of 50085?
5
What is the hundreds digit of 448379?
3
What is the tens digit of 96554?
5
What is the ten thousands digit of 422367?
2
What is the tens digit of 804344?
4
What is the thousands digit of 1694636?
4
What is the hundreds digit of 774031?
0
What is the units digit of 3192225?
5
What is the thousands digit of 7430654?
0
What is the ten thousands digit of 15794316?
9
What is the thousands digit of 117625?
7
What is the tens digit of 4280241?
4
What is the hundreds digit of 235466?
4
What is the ten thousands digit of 339413?
3
What is the ten thousands digit of 918325?
1
What is the millions digit of 15463877?
5
What is the units digit of 353646?
6
What is the hundreds digit of 377626?
6
What is the ten thousands digit of 6707651?
0
What is the hundreds digit of 33893710?
7
What is the hundreds digit of 1997901?
9
What is the tens digit of 34748417?
1
What is the hundreds digit of 1745702?
7
What is the millions digit of 1168521?
1
What is the thousands digit of 1324536?
4
What is the hundred thousands digit of 348210?
3
What is the units digit of 289914?
4
What is the units digit of 650452?
2
What is the hundreds digit of 1406060?
0
What is the hundreds digit of 1380940?
9
What is the hundred thousands digit of 15826685?
8
What is the hundreds digit of 727764?
7
What is the hundreds digit of 644141?
1
What is the ten thousands digit of 418523?
1
What is the thousands digit of 31345?
1
What is the ten thousands digit of 4859301?
5
What is the thousands digit of 1547342?
7
What is the hundred thousands digit of 771459?
7
What is the ten thousands digit of 74863?
7
What is the hundred thousands digit of 533567?
5
What is the thousands digit of 379176?
9
What is the units digit of 1585875?
5
What is the thousands digit of 19065671?
5
What is the hundred thousands digit of 4816050?
8
What is the thousands digit of 8100080?
0
What is the hundred thousands digit of 509412?
5
What is the hundreds digit of 30880731?
7
What is the thousand